{"id":836,"date":"2018-11-20T13:52:27","date_gmt":"2018-11-20T13:52:27","guid":{"rendered":"https:\/\/diana-st-work.colibriwp.com\/default-creative-agency\/?page_id=323"},"modified":"2026-02-03T13:43:12","modified_gmt":"2026-02-03T13:43:12","slug":"direction-de-communication-externalisee","status":"publish","type":"page","link":"https:\/\/pascal-cervantes-bordeaux.com\/?page_id=836","title":{"rendered":"Notre savoir-faire"},"content":{"rendered":"<div data-colibri-id=\"836-c1\" class=\"style-299 style-local-836-c1 position-relative\">\n  <!---->\n  <div data-colibri-component=\"section\" data-colibri-id=\"836-c2\" id=\"short-description\" class=\"h-section h-section-global-spacing d-flex align-items-lg-center align-items-md-center align-items-center style-308 style-local-836-c2 position-relative\">\n    <!---->\n    <!---->\n    <div class=\"h-section-grid-container h-section-boxed-container\">\n      <!---->\n      <div data-colibri-id=\"836-c3\" class=\"h-row-container gutters-row-lg-0 gutters-row-md-0 gutters-row-2 gutters-row-v-lg-0 gutters-row-v-md-0 gutters-row-v-2 style-309 style-local-836-c3 position-relative\">\n        <!---->\n        <div class=\"h-row justify-content-lg-center justify-content-md-center justify-content-center align-items-lg-stretch align-items-md-stretch align-items-stretch gutters-col-lg-0 gutters-col-md-0 gutters-col-2 gutters-col-v-lg-0 gutters-col-v-md-0 gutters-col-v-2\">\n          <!---->\n          <div class=\"h-column h-column-container d-flex h-col-lg-auto h-col-md-auto h-col-auto style-310-outer style-local-836-c4-outer\">\n            <div data-colibri-id=\"836-c4\" class=\"d-flex h-flex-basis h-column__inner h-px-lg-0 h-px-md-0 h-px-0 v-inner-lg-0 v-inner-md-0 v-inner-0 style-310 style-local-836-c4 position-relative\">\n              <!---->\n              <!---->\n              <div class=\"w-100 h-y-container h-column__content h-column__v-align flex-basis-100 align-self-lg-center align-self-md-center align-self-center\">\n                <!---->\n                <div data-colibri-id=\"836-c5\" class=\"h-global-transition-all h-heading style-707 style-local-836-c5 position-relative h-element\">\n                  <!---->\n                  <div class=\"h-heading__outer style-707 style-local-836-c5\">\n                    <!---->\n                    <!---->\n                    <h1 class=\"\">20 Ans de Leadership et d&rsquo;Innovation<\/h1>\n                  <\/div>\n                <\/div>\n                <div data-colibri-id=\"836-c6\" class=\"h-text h-text-component style-312 style-local-836-c6 position-relative h-element\">\n                  <!---->\n                  <!---->\n                  <div class=\"\">\n                    <p>\u00ab\u00a0Avec <strong>Exi Publicit\u00e9<\/strong>, nous avons b\u00e2ti une structure unique \u00e0 Bordeaux : &lsquo;la p&rsquo;tite agence qui fait tout comme une grande&rsquo;. Notre r\u00f4le est d&rsquo;orchestrer des strat\u00e9gies de communication globales (Branding, Digital, Campagnes).<\/p>\n                  <\/div>\n                <\/div>\n              <\/div>\n            <\/div>\n          <\/div>\n        <\/div>\n      <\/div>\n      <div data-colibri-id=\"836-c7\" class=\"h-row-container gutters-row-lg-2 gutters-row-md-2 gutters-row-0 gutters-row-v-lg-2 gutters-row-v-md-2 gutters-row-v-2 style-1557 style-local-836-c7 position-relative\">\n        <!---->\n        <div class=\"h-row justify-content-lg-center justify-content-md-center justify-content-center align-items-lg-stretch align-items-md-stretch align-items-stretch gutters-col-lg-2 gutters-col-md-2 gutters-col-0 gutters-col-v-lg-2 gutters-col-v-md-2 gutters-col-v-2\">\n          <!---->\n          <div class=\"h-column h-column-container d-flex h-col-lg-auto h-col-md-auto h-col-auto style-1558-outer style-local-836-c8-outer\">\n            <div data-colibri-id=\"836-c8\" class=\"d-flex h-flex-basis h-column__inner h-px-lg-2 h-px-md-2 h-px-2 v-inner-lg-2 v-inner-md-2 v-inner-2 style-1558 style-local-836-c8 position-relative\">\n              <!---->\n              <!---->\n              <div class=\"w-100 h-y-container h-column__content h-column__v-align flex-basis-100 align-self-lg-start align-self-md-start align-self-start\">\n                <!---->\n                <div data-colibri-id=\"836-c9\" class=\"h-x-container style-1555 style-local-836-c9 position-relative h-element\">\n                  <!---->\n                  <div class=\"h-x-container-inner style-dynamic-836-c9-group style-1555-spacing style-local-836-c9-spacing\"><span class=\"h-link__outer style-1556-outer style-local-836-c10-outer d-inline-flex h-element\"><a h-use-smooth-scroll=\"true\" href=\"\"  data-colibri-id=\"836-c10\" class=\"d-flex w-100 align-items-center h-link style-1556 style-local-836-c10 position-relative\"><!----><!----> <span>RENCONTRONS NOUS<\/span><\/a>\n                    <\/span>\n                  <\/div>\n                <\/div>\n              <\/div>\n            <\/div>\n          <\/div>\n        <\/div>\n      <\/div>\n    <\/div>\n  <\/div>\n  <div data-colibri-component=\"section\" data-colibri-id=\"836-c15\" id=\"reasearch\" class=\"h-section h-section-global-spacing d-flex align-items-lg-center align-items-md-center align-items-center style-1121 style-local-836-c15 position-relative\">\n    <!---->\n    <!---->\n    <div class=\"h-section-grid-container h-section-fluid-container\">\n      <!---->\n      <div data-colibri-id=\"836-c16\" class=\"h-row-container gutters-row-lg-2 gutters-row-md-2 gutters-row-0 gutters-row-v-lg-2 gutters-row-v-md-2 gutters-row-v-2 style-301 style-local-836-c16 position-relative\">\n        <!---->\n        <div class=\"h-row justify-content-lg-center justify-content-md-center justify-content-center align-items-lg-stretch align-items-md-stretch align-items-stretch gutters-col-lg-2 gutters-col-md-2 gutters-col-0 gutters-col-v-lg-2 gutters-col-v-md-2 gutters-col-v-2\">\n          <!---->\n          <div class=\"h-column h-column-container d-flex h-col-lg-4 h-col-md-4 h-col-12 style-302-outer style-local-836-c17-outer\">\n            <div data-colibri-id=\"836-c17\" class=\"d-flex h-flex-basis h-column__inner h-px-lg-2 h-px-md-2 h-px-2 v-inner-lg-2 v-inner-md-2 v-inner-2 style-302 style-local-836-c17 position-relative\">\n              <!---->\n              <!---->\n              <div class=\"w-100 h-y-container h-column__content h-column__v-align flex-basis-100 align-self-lg-center align-self-md-center align-self-center\">\n                <!---->\n                <div data-colibri-id=\"836-c18\" class=\"d-block style-303 style-local-836-c18 position-relative h-element\">\n                  <!---->\n                  <div class=\"h-image__frame-container-outer\">\n                    <div class=\"h-image__frame-container\">\n                      <!---->\n                      <!---->\n                      <img loading=\"lazy\" decoding=\"async\" width=\"1335\" height=\"1335\" src=\"https:\/\/pascal-cervantes-bordeaux.com\/wp-content\/uploads\/2018\/11\/cropped-cropped-261858-P4LPD6-62.jpg\" class=\"wp-image-2215 style-303-image style-local-836-c18-image\" alt=\"\" srcset=\"https:\/\/pascal-cervantes-bordeaux.com\/wp-content\/uploads\/2018\/11\/cropped-cropped-261858-P4LPD6-62.jpg 1335w, https:\/\/pascal-cervantes-bordeaux.com\/wp-content\/uploads\/2018\/11\/cropped-cropped-261858-P4LPD6-62-300x300.jpg 300w, https:\/\/pascal-cervantes-bordeaux.com\/wp-content\/uploads\/2018\/11\/cropped-cropped-261858-P4LPD6-62-1024x1024.jpg 1024w, https:\/\/pascal-cervantes-bordeaux.com\/wp-content\/uploads\/2018\/11\/cropped-cropped-261858-P4LPD6-62-150x150.jpg 150w, https:\/\/pascal-cervantes-bordeaux.com\/wp-content\/uploads\/2018\/11\/cropped-cropped-261858-P4LPD6-62-768x768.jpg 768w\" sizes=\"auto, (max-width: 1335px) 100vw, 1335px\" \/>\n                      <div class=\"h-image__frame h-image__frame_shadow h-hide-sm style-303-frameImage style-local-836-c18-frameImage\"><\/div>\n                    <\/div>\n                  <\/div>\n                <\/div>\n              <\/div>\n            <\/div>\n          <\/div>\n          <div class=\"h-column h-column-container d-flex h-col-lg-4 h-col-md-4 h-col-12 style-304-outer style-local-836-c19-outer\">\n            <div data-colibri-id=\"836-c19\" class=\"d-flex h-flex-basis h-column__inner h-px-lg-2 h-px-md-0 h-px-2 v-inner-lg-2 v-inner-md-0 v-inner-2 style-304 style-local-836-c19 position-relative\">\n              <!---->\n              <!---->\n              <div class=\"w-100 h-y-container h-column__content h-column__v-align flex-basis-100 align-self-lg-center align-self-md-center align-self-center\">\n                <!---->\n                <div data-colibri-id=\"836-c20\" class=\"h-global-transition-all h-heading style-708 style-local-836-c20 position-relative h-element\">\n                  <!---->\n                  <div class=\"h-heading__outer style-708 style-local-836-c20\">\n                    <!---->\n                    <!---->\n                    <h2 class=\"\">01. La Confiance de tous types de comptes<\/h2>\n                  <\/div>\n                <\/div>\n                <div data-colibri-id=\"836-c21\" class=\"h-text h-text-component style-306 style-local-836-c21 position-relative h-element\">\n                  <!---->\n                  <!---->\n                  <div class=\"\">\n                    <p>\u00ab\u00a0La r\u00e9ussite se mesure \u00e0 la fid\u00e9lit\u00e9 des clients. Nous avons le privil\u00e8ge d&rsquo;accompagner des acteurs de toutes tailles (H\u00f4tel, \u00e9picerie, PME, ETI) dans leurs strat\u00e9gies de communication et de cr\u00e9ation.\n                      <br>Cette confiance renouvel\u00e9e atteste de notre capacit\u00e9 \u00e0 g\u00e9rer toutes tailles d&rsquo;entreprises avec exigences.\u00a0\u00bb<\/p>\n                  <\/div>\n                <\/div>\n                <div data-colibri-id=\"836-c22\" class=\"h-x-container style-709 style-local-836-c22 position-relative h-element\">\n                  <!---->\n                  <div class=\"h-x-container-inner style-dynamic-836-c22-group style-709-spacing style-local-836-c22-spacing\"><span class=\"h-button__outer style-710-outer style-local-836-c23-outer d-inline-flex h-element\"><a h-use-smooth-scroll=\"true\" href=\"https:\/\/pascal-cervantes-bordeaux.com\/?page_id=1619\"  data-colibri-id=\"836-c23\" class=\"d-flex w-100 align-items-center h-button justify-content-lg-center justify-content-md-center justify-content-center style-710 style-local-836-c23 position-relative\"><!----><span  class=\"h-svg-icon h-button__icon style-710-icon style-local-836-c23-icon\"><!--Icon by Icons8 Line Awesome (https:\/\/icons8.com\/line-awesome)--><svg version=\"1.1\" xmlns=\"http:\/\/www.w3.org\/2000\/svg\" xmlns:xlink=\"http:\/\/www.w3.org\/1999\/xlink\" id=\"angle-double-left\" viewBox=\"0 0 512 545.5\"><path d=\"M254.5 108.5l22.5 23L120.5 288 277 444.5l-22.5 23-168-168L75 288l11.5-11.5zm112 0l22.5 23L232.5 288 389 444.5l-22.5 23-168-168L187 288l11.5-11.5z\"><\/path><\/svg><\/span>                    <span>D\u00e9couvrez nos cas<\/span><\/a>\n                    <\/span>\n                  <\/div>\n                <\/div>\n              <\/div>\n            <\/div>\n          <\/div>\n        <\/div>\n      <\/div>\n    <\/div>\n  <\/div>\n  <div data-colibri-component=\"section\" data-colibri-id=\"836-c24\" id=\"creation\" class=\"h-section h-section-global-spacing d-flex align-items-lg-center align-items-md-center align-items-center style-313 style-local-836-c24 position-relative\">\n    <!---->\n    <!---->\n    <div class=\"h-section-grid-container h-section-boxed-container\">\n      <!---->\n      <div data-colibri-id=\"836-c25\" class=\"h-row-container gutters-row-lg-2 gutters-row-md-2 gutters-row-0 gutters-row-v-lg-2 gutters-row-v-md-2 gutters-row-v-2 style-314 style-local-836-c25 position-relative\">\n        <!---->\n        <div class=\"h-row justify-content-lg-center justify-content-md-center justify-content-center align-items-lg-stretch align-items-md-stretch align-items-stretch gutters-col-lg-2 gutters-col-md-2 gutters-col-0 gutters-col-v-lg-2 gutters-col-v-md-2 gutters-col-v-2\">\n          <!---->\n          <div class=\"h-column h-column-container d-flex h-col-lg-6 h-col-md-6 h-col-12 style-317-outer style-local-836-c26-outer\">\n            <div data-colibri-id=\"836-c26\" class=\"d-flex h-flex-basis h-column__inner h-px-lg-2 h-px-md-0 h-px-2 v-inner-lg-2 v-inner-md-0 v-inner-2 style-317 style-local-836-c26 position-relative\">\n              <!---->\n              <!---->\n              <div class=\"w-100 h-y-container h-column__content h-column__v-align flex-basis-100 align-self-lg-center align-self-md-center align-self-center\">\n                <!---->\n                <div data-colibri-id=\"836-c27\" class=\"h-global-transition-all h-heading style-711 style-local-836-c27 position-relative h-element\">\n                  <!---->\n                  <div class=\"h-heading__outer style-711 style-local-836-c27\">\n                    <!---->\n                    <!---->\n                    <h2 class=\"\">02. L&rsquo;Exigence comme ADN<\/h2>\n                  <\/div>\n                <\/div>\n                <div data-colibri-id=\"836-c28\" class=\"h-text h-text-component style-319 style-local-836-c28 position-relative h-element\">\n                  <!---->\n                  <!---->\n                  <div class=\"\">\n                    <p>\u00ab\u00a0Ce n&rsquo;est pas un hasard si notre parcours est li\u00e9 au mot <strong>Exigences<\/strong>. Dans un m\u00e9tier o\u00f9 le d\u00e9tail fait la diff\u00e9rence, je garantis \u00e0 noss clients une qualit\u00e9 de conseil et d&rsquo;ex\u00e9cution sans faille. Nous sommes les garants\n                      de la coh\u00e9rence de votre marque, quel que soit le canal de diffusion.\u00a0\u00bb<\/p>\n                  <\/div>\n                <\/div>\n                <div data-colibri-id=\"836-c29\" class=\"h-x-container style-712 style-local-836-c29 position-relative h-element\">\n                  <!---->\n                  <div class=\"h-x-container-inner style-dynamic-836-c29-group style-712-spacing style-local-836-c29-spacing\"><span class=\"h-button__outer style-722-outer style-local-836-c30-outer d-inline-flex h-element\"><a h-use-smooth-scroll=\"true\" href=\"https:\/\/pascal-cervantes-bordeaux.com\/?page_id=837\"  data-colibri-id=\"836-c30\" class=\"d-flex w-100 align-items-center h-button justify-content-lg-center justify-content-md-center justify-content-center style-722 style-local-836-c30 position-relative\"><!----><!----> <span>D\u00e9couvrez nos forfaits<\/span>                    <span class=\"h-svg-icon h-button__icon style-722-icon style-local-836-c30-icon\"><!--Icon by Icons8 Line Awesome (https:\/\/icons8.com\/line-awesome)--><svg version=\"1.1\" xmlns=\"http:\/\/www.w3.org\/2000\/svg\" xmlns:xlink=\"http:\/\/www.w3.org\/1999\/xlink\" id=\"angle-double-right\" viewBox=\"0 0 512 545.5\"><path d=\"M145.5 108.5l168 168L325 288l-11.5 11.5-168 168-22.5-23L279.5 288 123 131.5zm112 0l168 168L437 288l-11.5 11.5-168 168-22.5-23L391.5 288 235 131.5z\"><\/path><\/svg><\/span><\/a>\n                    <\/span>\n                  <\/div>\n                <\/div>\n              <\/div>\n            <\/div>\n          <\/div>\n          <div class=\"h-column h-column-container d-flex h-col-lg-6 h-col-md-6 h-col-12 style-315-outer style-local-836-c31-outer\">\n            <div data-colibri-id=\"836-c31\" class=\"d-flex h-flex-basis h-column__inner h-px-lg-2 h-px-md-2 h-px-2 v-inner-lg-2 v-inner-md-2 v-inner-2 style-315 style-local-836-c31 position-relative\">\n              <!---->\n              <!---->\n              <div class=\"w-100 h-y-container h-column__content h-column__v-align flex-basis-100 align-self-lg-center align-self-md-center align-self-center\">\n                <!---->\n                <div data-colibri-id=\"836-c32\" class=\"d-block style-316 style-local-836-c32 position-relative h-element\">\n                  <!---->\n                  <div class=\"h-image__frame-container-outer\">\n                    <div class=\"h-image__frame-container\">\n                      <!---->\n                      <!---->\n                      <img loading=\"lazy\" decoding=\"async\" width=\"1000\" height=\"1000\" src=\"https:\/\/pascal-cervantes-bordeaux.com\/wp-content\/uploads\/2025\/11\/cropped-cropped-BDL1_miniature_test.webp\" class=\"wp-image-2217 style-316-image style-local-836-c32-image\" alt=\"\" srcset=\"https:\/\/pascal-cervantes-bordeaux.com\/wp-content\/uploads\/2025\/11\/cropped-cropped-BDL1_miniature_test.webp 1000w, https:\/\/pascal-cervantes-bordeaux.com\/wp-content\/uploads\/2025\/11\/cropped-cropped-BDL1_miniature_test-300x300.webp 300w, https:\/\/pascal-cervantes-bordeaux.com\/wp-content\/uploads\/2025\/11\/cropped-cropped-BDL1_miniature_test-150x150.webp 150w, https:\/\/pascal-cervantes-bordeaux.com\/wp-content\/uploads\/2025\/11\/cropped-cropped-BDL1_miniature_test-768x768.webp 768w\" sizes=\"auto, (max-width: 1000px) 100vw, 1000px\" \/>\n                      <div class=\"h-image__frame h-image__frame_shadow h-hide-sm style-316-frameImage style-local-836-c32-frameImage\"><\/div>\n                    <\/div>\n                  <\/div>\n                <\/div>\n              <\/div>\n            <\/div>\n          <\/div>\n        <\/div>\n      <\/div>\n    <\/div>\n  <\/div>\n  <div data-colibri-component=\"section\" data-colibri-id=\"836-c33\" id=\"advertising\" class=\"h-section h-section-global-spacing d-flex align-items-lg-center align-items-md-center align-items-center style-321 style-local-836-c33 position-relative\">\n    <!---->\n    <!---->\n    <div class=\"h-section-grid-container h-section-fluid-container\">\n      <!---->\n      <div data-colibri-id=\"836-c34\" class=\"h-row-container gutters-row-lg-2 gutters-row-md-2 gutters-row-0 gutters-row-v-lg-2 gutters-row-v-md-2 gutters-row-v-2 style-322 style-local-836-c34 position-relative\">\n        <!---->\n        <div class=\"h-row justify-content-lg-center justify-content-md-center justify-content-center align-items-lg-stretch align-items-md-stretch align-items-stretch gutters-col-lg-2 gutters-col-md-2 gutters-col-0 gutters-col-v-lg-2 gutters-col-v-md-2 gutters-col-v-2\">\n          <!---->\n          <div class=\"h-column h-column-container d-flex h-col-lg-4 h-col-md-4 h-col-12 style-323-outer style-local-836-c35-outer\">\n            <div data-colibri-id=\"836-c35\" class=\"d-flex h-flex-basis h-column__inner h-px-lg-2 h-px-md-2 h-px-2 v-inner-lg-2 v-inner-md-2 v-inner-2 style-323 style-local-836-c35 position-relative\">\n              <!---->\n              <!---->\n              <div class=\"w-100 h-y-container h-column__content h-column__v-align flex-basis-100 align-self-lg-center align-self-md-center align-self-center\">\n                <!---->\n                <div data-colibri-id=\"836-c36\" class=\"d-block style-324 style-local-836-c36 position-relative h-element\">\n                  <!---->\n                  <div class=\"h-image__frame-container-outer\">\n                    <div class=\"h-image__frame-container\">\n                      <!---->\n                      <!---->\n                      <img loading=\"lazy\" decoding=\"async\" width=\"719\" height=\"719\" src=\"https:\/\/pascal-cervantes-bordeaux.com\/wp-content\/uploads\/2025\/11\/cropped-cropped-4x3_LED.jpg\" class=\"wp-image-2218 style-324-image style-local-836-c36-image\" alt=\"\" srcset=\"https:\/\/pascal-cervantes-bordeaux.com\/wp-content\/uploads\/2025\/11\/cropped-cropped-4x3_LED.jpg 719w, https:\/\/pascal-cervantes-bordeaux.com\/wp-content\/uploads\/2025\/11\/cropped-cropped-4x3_LED-300x300.jpg 300w, https:\/\/pascal-cervantes-bordeaux.com\/wp-content\/uploads\/2025\/11\/cropped-cropped-4x3_LED-150x150.jpg 150w\" sizes=\"auto, (max-width: 719px) 100vw, 719px\" \/>\n                      <div class=\"h-image__frame h-image__frame_shadow h-hide-sm style-324-frameImage style-local-836-c36-frameImage\"><\/div>\n                    <\/div>\n                  <\/div>\n                <\/div>\n              <\/div>\n            <\/div>\n          <\/div>\n          <div class=\"h-column h-column-container d-flex h-col-lg-4 h-col-md-4 h-col-12 style-325-outer style-local-836-c37-outer\">\n            <div data-colibri-id=\"836-c37\" class=\"d-flex h-flex-basis h-column__inner h-px-lg-2 h-px-md-0 h-px-2 v-inner-lg-2 v-inner-md-0 v-inner-2 style-325 style-local-836-c37 position-relative\">\n              <!---->\n              <!---->\n              <div class=\"w-100 h-y-container h-column__content h-column__v-align flex-basis-100 align-self-lg-center align-self-md-center align-self-center\">\n                <!---->\n                <div data-colibri-id=\"836-c38\" class=\"h-global-transition-all h-heading style-715 style-local-836-c38 position-relative h-element\">\n                  <!---->\n                  <div class=\"h-heading__outer style-715 style-local-836-c38\">\n                    <!---->\n                    <!---->\n                    <h2 class=\"\">03. Cr\u00e9ateur d&rsquo;\u00c9motions mais surtout de r\u00e9sultats<\/h2>\n                  <\/div>\n                <\/div>\n                <div data-colibri-id=\"836-c39\" class=\"h-text h-text-component style-327 style-local-836-c39 position-relative h-element\">\n                  <!---->\n                  <!---->\n                  <div class=\"\">\n                    <p>\u00ab\u00a0La publicit\u00e9 ne se r\u00e9sume pas \u00e0 \u00eatre vue, elle doit \u00eatre <em>ressentie<\/em>. Notre d\u00e9marche place l&rsquo;\u00e9motion au c\u0153ur de la strat\u00e9gie pour rendre les marques de nos clients plus d\u00e9sirables et m\u00e9morables. Je transforme des objectifs\n                      commerciaux en concepts cr\u00e9atifs impactants.\u00a0\u00bb<\/p>\n                  <\/div>\n                <\/div>\n                <div data-colibri-id=\"836-c40\" class=\"h-x-container style-718 style-local-836-c40 position-relative h-element\">\n                  <!---->\n                  <div class=\"h-x-container-inner style-dynamic-836-c40-group style-718-spacing style-local-836-c40-spacing\"><span class=\"h-button__outer style-723-outer style-local-836-c41-outer d-inline-flex h-element\"><a h-use-smooth-scroll=\"true\" href=\"https:\/\/www.exipublicite.com\/\"  data-colibri-id=\"836-c41\" class=\"d-flex w-100 align-items-center h-button justify-content-lg-center justify-content-md-center justify-content-center style-723 style-local-836-c41 position-relative\"><!----><span  class=\"h-svg-icon h-button__icon style-723-icon style-local-836-c41-icon\"><!--Icon by Icons8 Line Awesome (https:\/\/icons8.com\/line-awesome)--><svg version=\"1.1\" xmlns=\"http:\/\/www.w3.org\/2000\/svg\" xmlns:xlink=\"http:\/\/www.w3.org\/1999\/xlink\" id=\"angle-double-left\" viewBox=\"0 0 512 545.5\"><path d=\"M254.5 108.5l22.5 23L120.5 288 277 444.5l-22.5 23-168-168L75 288l11.5-11.5zm112 0l22.5 23L232.5 288 389 444.5l-22.5 23-168-168L187 288l11.5-11.5z\"><\/path><\/svg><\/span>                    <span>D\u00e9couvrez nos cr\u00e9ations<\/span><\/a>\n                    <\/span>\n                  <\/div>\n                <\/div>\n              <\/div>\n            <\/div>\n          <\/div>\n        <\/div>\n      <\/div>\n    <\/div>\n  <\/div>\n<\/div>","protected":false},"excerpt":{"rendered":"<p>20 Ans de Leadership et d&rsquo;Innovation \u00ab\u00a0Avec Exi Publicit\u00e9, nous avons b\u00e2ti une structure unique \u00e0 Bordeaux : &lsquo;la p&rsquo;tite agence qui fait tout comme une grande&rsquo;. Notre r\u00f4le est d&rsquo;orchestrer des strat\u00e9gies de communication globales (Branding, Digital, Campagnes). RENCONTRONS NOUS 01. La Confiance de tous types de comptes \u00ab\u00a0La r\u00e9ussite se mesure \u00e0 la [&hellip;]<\/p>\n","protected":false},"author":1,"featured_media":0,"parent":0,"menu_order":0,"comment_status":"closed","ping_status":"closed","template":"page-templates\/full-width-page.php","meta":{"footnotes":""},"class_list":["post-836","page","type-page","status-publish","hentry"],"_links":{"self":[{"href":"https:\/\/pascal-cervantes-bordeaux.com\/index.php?rest_route=\/wp\/v2\/pages\/836","targetHints":{"allow":["GET"]}}],"collection":[{"href":"https:\/\/pascal-cervantes-bordeaux.com\/index.php?rest_route=\/wp\/v2\/pages"}],"about":[{"href":"https:\/\/pascal-cervantes-bordeaux.com\/index.php?rest_route=\/wp\/v2\/types\/page"}],"author":[{"embeddable":true,"href":"https:\/\/pascal-cervantes-bordeaux.com\/index.php?rest_route=\/wp\/v2\/users\/1"}],"replies":[{"embeddable":true,"href":"https:\/\/pascal-cervantes-bordeaux.com\/index.php?rest_route=%2Fwp%2Fv2%2Fcomments&post=836"}],"version-history":[{"count":20,"href":"https:\/\/pascal-cervantes-bordeaux.com\/index.php?rest_route=\/wp\/v2\/pages\/836\/revisions"}],"predecessor-version":[{"id":2487,"href":"https:\/\/pascal-cervantes-bordeaux.com\/index.php?rest_route=\/wp\/v2\/pages\/836\/revisions\/2487"}],"wp:attachment":[{"href":"https:\/\/pascal-cervantes-bordeaux.com\/index.php?rest_route=%2Fwp%2Fv2%2Fmedia&parent=836"}],"curies":[{"name":"wp","href":"https:\/\/api.w.org\/{rel}","templated":true}]}}